0.
80
Calculate the greatest common factor of 5783162 and 102.
34
Calculate the greatest common divisor of 583 and 3193621.
53
What is the highest common divisor of 2867011 and 77?
7
Calculate the greatest common divisor of 2582683 and 716275.
4093
Calculate the highest common divisor of 53053 and 1430099.
583
What is the highest common factor of 1164 and 193292094?
582
Calculate the greatest common factor of 41522 and 44018.
26
Calculate the highest common divisor of 182 and 147837781.
91
Calculate the highest common divisor of 660 and 2268519.
33
What is the greatest common divisor of 40 and 22720048?
8
Calculate the greatest common factor of 193 and 114951572.
193
Calculate the greatest common divisor of 15 and 48997415.
5
What is the greatest common divisor of 760856 and 88?
8
Calculate the highest common factor of 11110 and 4086258.
2222
What is the highest common factor of 21681 and 2241173?
803
Calculate the highest common divisor of 1550 and 1386800.
50
Calculate the greatest common divisor of 39837994 and 238.
14
What is the greatest common divisor of 21967935 and 2610?
435
What is the greatest common divisor of 12 and 8811849?
3
What is the highest common divisor of 14652 and 1466784?
396
Calculate the highest common factor of 23707 and 925177.
151
Calculate the highest common factor of 37185539 and 122.
61
Calculate the highest common divisor of 21355893 and 8262.
1377
What is the highest common factor of 373326 and 3870?
258
What is the greatest common factor of 6003 and 401304?
69
Calculate the greatest common divisor of 136 and 2586976.
8
Calculate the greatest common factor of 38739558 and 33.
33
Calculate the highest common factor of 50284 and 134413.
967
Calculate the highest common divisor of 1386533 and 106.
53
Calculate the highest common divisor of 6391 and 341047.
581
Calculate the greatest common divisor of 4957632 and 2964.
228
What is the highest common divisor of 16 and 767579728?
16
Calculate the highest common factor of 378675552 and 336.
48
Calculate the highest common divisor of 341 and 13814189.
31
What is the greatest common factor of 455772 and 178524?
228
Calculate the greatest common divisor of 6195291 and 511.
73
Calculate the greatest common factor of 2030912 and 338.
26
Calculate the greatest common divisor of 5166 and 249714.
18
Calculate the greatest common divisor of 126 and 220234.
14
What is the greatest common factor of 7812 and 1442?
14
Calculate the highest common factor of 12 and 129949284.
12
What is the greatest common divisor of 4268592 and 4288?
16
Calculate the highest common factor of 112 and 119640024.
56
Calculate the greatest common factor of 212485945 and 35.
35
What is the greatest common divisor of 75477180 and 180?
60
Calculate the greatest common divisor of 3246765 and 135.
15
Calculate the highest common divisor of 32641 and 5194.
7
What is the greatest common divisor of 17 and 5044128735?
17
What is the greatest common divisor of 9218757 and 22979?
2089
Calculate the greatest common divisor of 2978348 and 8549.
103
What is the greatest common divisor of 861 and 735567?
21
What is the greatest common factor of 359397 and 46903?
17
What is the highest common divisor of 15 and 1059395685?
15
What is the highest common divisor of 1503284 and 488?
244
What is the highest common factor of 119989 and 873?
97
Calculate the highest common divisor of 14041671 and 21.
21
Calculate the highest common divisor of 6322 and 10817.
29
What is the highest common divisor of 10891235 and 212?
53
What is the highest common divisor of 122212188 and 6300?
252
What is the highest common divisor of 4730794 and 11405?
2281
What is the highest common divisor of 176462343 and 54?
9
What is the highest common divisor of 56 and 723863?
7
What is the highest common factor of 96642 and 1384110?
1638
Calculate the highest common divisor of 74828 and 210288.
52
What is the highest common divisor of 380 and 8674108?
76
Calculate the greatest common factor of 4660 and 12219685.
1165
What is the greatest common divisor of 1032456 and 152?
8
Calculate the greatest common factor of 52380 and 101034.
54
What is the highest common divisor of 654420 and 300?
60
Calculate the greatest common divisor of 74592 and 93386853.
2331
What is the greatest common divisor of 52 and 109986916?
52
What is the highest common factor of 4075840 and 675296?
1504
What is the greatest common divisor of 41726 and 8376831?
673
Calculate the greatest common divisor of 24125878 and 56.
14
What is the greatest common factor of 591 and 567721692?
591
Calculate the greatest common divisor of 55703 and 10859983.
1051
What is the greatest common factor of 362116 and 124?
4
What is the greatest common factor of 70839855 and 45?
45
What is the greatest common factor of 40146 and 1338?
6
What is the highest common factor of 7650676 and 7122436?
8804
Calculate the highest common factor of 42622 and 52217.
101
What is the greatest common divisor of 10615 and 79435?
5
Calculate the greatest common factor of 11065928 and 448120.
5272
What is the greatest common factor of 162756 and 685?
137
What is the highest common divisor of 2118584 and 637?
13
Calculate the greatest common divisor of 1749 and 3882197.
583
What is the greatest common factor of 136522350 and 19170?
6390
What is the greatest common divisor of 86 and 15508958?
2
What is the highest common divisor of 16317312 and 672?
96
What is the greatest common divisor of 1450843 and 47?
47
Calculate the highest common divisor of 583538 and 36149173.
10061
What is the highest common divisor of 654 and 1542598?
2
What is the highest common divisor of 13997145 and 2580?
645
What is the greatest common divisor of 47045072 and 208?
16
Calculate the highest common factor of 1445590 and 12210.
370
What is the greatest common divisor of 2885256 and 18744?
264
Calculate the greatest common divisor of 161631 and 225.
9
What is the highest common divisor of 55014814 and 1174?
1174
What is the highest common factor of 1815 and 1155795?
15
Calculate the highest common divisor of 6314428 and 48.
4
What is the highest common divisor of 1335 and 6045414?
267
Calculate the highest common divisor of 30401 and 172886144.
4343
Calculate the greatest common divisor of 2114651 and 198737.
2233
Calculate the greatest common divisor of 167369934 and 30.
6
Calculate the highest common factor of 436 and 85896142.
218
What is the highest common factor of 314 and 108428282?
314
What is the greatest common divisor of 99 and 1267904?
11
What is the greatest common divisor of 24 and 4869924?
12
What is the greatest common factor of 196 and 128776788?
28
Calculate the greatest common divisor of 817894881 and 513.
513
What is the greatest common factor of 4270 and 1499750?
70
What is the greatest common divisor of 712 and 566600?
8
Calculate the greatest common factor of 1993862 and 21632.
338
Calculate the highest common divisor of 474506271 and 927.
927
Calculate the highest common divisor of 130 and 3146073970.
130
Calculate the greatest common divisor of 5353 and 154429.
101
Calculate the highest common factor of 442 and 122247.
17
Calculate the highest common divisor of 703 and 30797727.
703
What is the highest common divisor of 160775 and 94400?
1475
Calculate the greatest common divisor of 488656 and 350000.
112
Calculate the highest common divisor of 2830140 and 4050.
810
What is the highest common factor of 899235 and 5580?
45
Calculate the greatest common divisor of 28 and 115028158.
14
What is the greatest common factor of 56445 and 5864955?
1065
Calculate the highest common divisor of 9578106 and 1717.
17
What is the highest common factor of 92 and 897851?
23
What is the highest common factor of 60543 and 15399?
9
What is the greatest common factor of 16731 and 103878?
9
What is the greatest common factor of 58 and 60834315?
29
Calculate the greatest common factor of 8208 and 110112.
48
Calculate the greatest common factor of 7914 and 22056.
6
What is the greatest common factor of 7303740 and 300?
60
What is the highest common divisor of 1546048 and 123627?
1421
What is the greatest common factor of 52169028 and 84?
12
What is the highest common factor of 2031 and 83201946?
2031
Calculate the highest common factor of 2